factors of q(0)?
19
Suppose 21*b - 546 = 14*b. List the prime factors of b.
2, 3, 13
Suppose -5 = 5*h, -80 = -b - h + 8. List the prime factors of b.
89
Let n be -5*5/((-50)/4). List the prime factors of (42/9)/(n/6).
2, 7
Let g(a) = a**3 - 4*a**2 + 5*a + 3. Let w be g(4). Let o = w + -13. List the prime factors of 1*5*24/o.
2, 3
Let n = -9 + 9. Suppose 5*d - 93 - 107 = n. What are the prime factors of d?
2, 5
Let d(v) = 3*v - 7. Suppose -u - 12 = 4*i, 5*i + 3*u + 24 = 2. Let w be 3*i/((-12)/10). What are the prime factors of d(w)?
2
Suppose -b - 1167 = -5*c, -4*b - 83 = -c + 158. What are the prime factors of c?
233
Let l(r) = -r**3 + 6*r**2 + 9*r - 10. What are the prime factors of l(6)?
2, 11
Suppose -4*y + 410 = 2*i, -2*y - 300 = -4*i + 540. List the prime factors of i.
11, 19
Suppose 2 - 9 = x + 5*k, -3*x - 3*k - 21 = 0. What are the prime factors of (-54)/x + 8/28?
2
List the prime factors of ((-8)/(-4) + 5)*15.
3, 5, 7
List the prime factors of 2 + 86 + 4 + (1 - 3).
2, 3, 5
Let t(n) = 13*n**2 - n. List the prime factors of t(-1).
2, 7
Suppose -2*d + t + 105 = -0*t, -4*d + 214 = 2*t. What are the prime factors of d?
53
Suppose 4*z = z + 12. Let q(m) = m**2 - 2*m. What are the prime factors of q(z)?
2
Let y(o) = o**3 + 12*o**2 + o + 16. Suppose 48 = -0*k - 4*k. Let g be y(k). Suppose -4*z + 3*c + 59 = 10, g*c - 36 = -z. What are the prime factors of z?
2
Let b(g) = g**2 - 2*g + 1. Let j be b(4). Suppose -f = 2*f - j. What are the prime factors of f?
3
What are the prime factors of (-1*1/(-3))/((-13)/(-9321))?
239
What are the prime factors of 1974/15*(-55)/(-22)?
7, 47
Let y(m) = -5*m - 4. List the prime factors of y(-6).
2, 13
Suppose -3*f + 14 = -3*l - 28, -5*l - 4*f = 70. Let m be (1 - -3)*(-3)/(-4). Let z = m - l. What are the prime factors of z?
17
Let m(i) = -i**3 - 7*i**2 - 2*i - 7. Let w be m(-7). Suppose 0 = -u + 3 - w. Let v = 7 + u. List the prime factors of v.
3
Suppose 0 = 5*j - 19 + 4. Suppose 5*w - 213 = j*f, -3*f = -f + 2. What are the prime factors of w?
2, 3, 7
Suppose 4*m - 354 = m. Suppose 0 = 5*v + m - 368. What are the prime factors of v?
2, 5
Suppose 3*s + 1 = 7. Let z be (-2)/(-2)*(-1 + s). List the prime factors of (4/6*12)/z.
2
Let c = 4 - 4. Suppose -20 = -2*o - h, -2*o + 2*h + 30 - 4 = c. What are the prime factors of o?
11
Suppose -2*n - 31 = -4*z - 113, 0 = 3*n + 4*z - 93. List the prime factors of n.
5, 7
Let y = 2 - -2. Suppose -3*s = z - 5*z - 32, -y*s + 3*z + 38 = 0. List the prime factors of s.
2
Suppose 24*p + 29 = 25*p. List the prime factors of p.
29
Suppose -h + 62 = -5. What are the prime factors of h?
67
What are the prime factors of 39/((-39)/12 - -4)?
2, 13
List the prime factors of 6 + 1 + 9/(-3).
2
Let l(z) = 0 + 1 - z - z. Let s be l(-1). What are the prime factors of (-2 + s)*2/1?
2
Let w(c) be the third derivative of c**5/30 + 3*c**4/8 - c**3/2 - c**2. Let h be w(-7). Suppose -h = -g - 3*g. List the prime factors of g.
2
Let s(n) = n**2 - 2*n + 7. List the prime factors of s(0).
7
Suppose -422 = 10*g - 2752. What are the prime factors of g?
233
Suppose 2*o - o = 4*g + 5, 5*g + 2*o = 10. List the prime factors of (g + -1 - -2)*2.
2
Let z(s) = -s**3 + 6*s**2 + 8*s - 5. Let q be z(7). Let u(k) = 14*k**2 + 2*k. Let a be u(q). Suppose 4*d - a = -0*d. List the prime factors of d.
3, 5
Suppose 3*x - x - 5*z - 13 = 0, -4*x - 4*z + 96 = 0. List the prime factors of x.
19
Let o = -6 - -12. Suppose 2*x + 5*b + o = -15, 0 = -x + 2*b + 12. What are the prime factors of x?
2
Suppose -6*p = -p + 10. Let h(y) = -3*y**3 - 2*y**2 + 2*y + 3. Let v be h(p). What are the prime factors of ((-5)/v)/(1/(-6))?
2
Suppose u + 2*u = 99. What are the prime factors of u?
3, 11
Suppose 2*v = 7*v. Let r = 2 + v. What are the prime factors of r?
2
Let q(k) = 6*k**2 + 5*k + 5. What are the prime factors of q(-4)?
3
What are the prime factors of ((-12)/10)/((-2)/20)?
2, 3
Let r(z) = 2*z**3 + 2*z**2 - z - 1. Let x be r(1). Suppose -2*h = -5*v + 22 + 85, -104 = -5*v - h. Suppose 0 = -x*f + v + 11. What are the prime factors of f?
2
Suppose z - 5*z - n + 32 = 0, -5*z - n = -39. Suppose 3*k - z = 47. What are the prime factors of k?
2, 3
Suppose 8*z = 3*z + 10. Suppose -2*n - 2*n + 15 = 3*p, -5*p - 27 = -z*n. List the prime factors of n.
2, 3
Let i(u) = u**3 - 3*u**2 - 3*u - 3. Let x be i(3). Let n = -7 - x. Let c(d) = -d**3 + 6*d**2 - 5*d + 4. What are the prime factors of c(n)?
2
Let s = 42 - -111. What are the prime factors of s?
3, 17
Suppose -5*j = 4*l - 11, -3*l - 2*j + 4 = -6. Suppose k = l*k - 84. List the prime factors of k.
2, 7
What are the prime factors of 155 - (-1 + 1)/5?
5, 31
Suppose -4*a + 121 = -3. Let b = a - 21. Suppose 0 = -3*s - 4*z + b, 5*s - 40 = -z - z. List the prime factors of s.
2, 5
Let u(p) = -6*p**2 - 9 + 3*p + 3*p**2 + 4*p**2. What are the prime factors of u(-7)?
19
Let u(q) = q + 1. Let k be (12/(-14))/((-1)/7). List the prime factors of u(k).
7
Suppose 3*c - 71 = 205. Suppose 0*m - 4*m - c = 0. Let p = m + 39. List the prime factors of p.
2
Suppose 6 - 21 = -d. Let x = -21 + 14. Let c = x + d. List the prime factors of c.
2
Suppose 339 - 129 = -5*n - 5*k, n = -4*k - 45. Let d = n + 59. What are the prime factors of d?
2, 3
Let q(x) = x**3 + 10*x**2 + 4. Suppose 2*n + 2*g + 26 = 0, 3*n + 16 + 26 = -4*g. List the prime factors of q(n).
2
Suppose -5*i = -h + 2, -5*i = -4*h - 2*i + 8. Let c be (-52)/(-14) - (-6)/21. What are the prime factors of c/h + (2 - 2)?
2
Suppose 0 = -26*n + 18*n + 904. What are the prime factors of n?
113
Let t = 6 + -6. What are the prime factors of (-2 - (t + 0)) + 7?
5
Let g(f) = -7*f**2 + 9*f + 6. Let o(n) = 3*n**2 - 5*n - 3. Let z(m) = 4*g(m) + 9*o(m). Let k = -9 - -2. What are the prime factors of z(k)?
11
Let l be 11/3 + 6/(-9). Suppose -7 = -4*r + 2*n - l, 5*n - 20 = 0. What are the prime factors of r?
3
Let b = 0 - -2. Let p be 1/((b/(-10))/(-1)). Suppose -3*v = z - 0*z - 5, 39 = p*z + v. What are the prime factors of z?
2
Let d(p) = 9*p - 2. Let z be d(2). Suppose -5*j + 3*o + 50 = 0, -2*o + 0*o - z = -2*j. What are the prime factors of j?
13
Let x = 256 - 154. List the prime factors of x.
2, 3, 17
Suppose -10*a + 721 = -7*a + 5*p, -4*p - 908 = -4*a. What are the prime factors of a?
2, 29
Let z(w) = w**3 - 3*w**2 + w - 1. Let r be z(2). List the prime factors of r/(-9) - 28/(-6).
5
Let q be (-2 - -5) + (5 - 10). Let c(o) = o**2 + o + 2. Let n be c(q). List the prime factors of (14/n)/((-3)/(-6)).
7
Let v(k) = -2*k. Let a be v(-6). Suppose -3*g + a = 3*r, -r - 2*g = 1 - 0. List the prime factors of r.
3
Let h be 3/(1*6/(-56)). Let y = -17 - h. What are the prime factors of y?
11
Let j(b) = b + 2. Let u(z) = 1. Let y(m) = 2*j(m) - 3*u(m). Suppose r + 0 - 1 = 0. List the prime factors of y(r).
3
Suppose 90 = 5*o + 5*m, 3*o - 4*m = -m + 36. What are the prime factors of o?
3, 5
Let q be 2*(1 - -9*1). Suppose m - q = -4*m. Suppose 12 = 3*p + m*a - 7, -2*p + 41 = -3*a. What are the prime factors of p?
13
Let h(f) = -8*f + 15. Let m(v) = 4*v - 7. Let o(p) = 4*h(p) + 7*m(p). List the prime factors of o(-8).
43
Let u = 2 + 1. List the prime factors of 35/21 - (-1)/u.
2
Let r be (-10)/(-65) + (-4)/26. Suppose -3*d - 2*z = -r*d - 66, 2*z = d - 22. List the prime factors of d.
2, 11
What are the prime factors of (12/3 - 51)*-3?
3, 47
Let p(w) = -w. Let q be p(1). List the prime factors of (-1 - q) + 1 - -4.
5
Suppose -4*g + 2 + 6 = 0. Suppose -2*v + 63 = x, 2*v - v - g*x - 34 = 0. What are the prime factors of v?
2
Let u = -6 + 5. Let n(p) = -5*p - 1. List the prime factors of n(u).
2
Let g(c) be the first derivative of c**2/2 - 7*c + 2. Let z be g(7). Suppose -8 = -4*m, -m + 37 = -z*t + 5*t. List the prime factors of t.
7
Let c = 5 - 0. Suppose 4*y - 22 = -5*x, 0*x - c*y + 25 = 5*x. List the prime factors of x + (-22)/(-2) + -1.
2, 3
Let j = 20 + -9. Suppose 4*b + j = d + 74, -68 = -4*b - 4*d. Suppose 2 = -2*t - 3*l, 4*t - b = t + 5*l. What are the prime factors of t?
2
Let l = -15 + 21. Suppose -2*i = 2*i - 80. Suppose 0 = -l*d + d + i. List the prime factors of d.
2
Suppose -659 = -3*q - 0*f + 4*f, 0 = -q + 2*f + 223. What are the prime factors of q?
3, 71
Let m = -1 + -1. Let y be -1 - (m + (0 - -1)). Suppose 24 = -y*p + 2*p. What are the prime factors of p?
2, 3
Let s